. What is the remainder when 93 is divided by l(9)?
25
Suppose 0*p + 3*p = -3*c + 201, -5*p = -c - 335. Suppose 70*i = p*i + 150. Let m = 45 - 32. Calculate the remainder when i is divided by m.
11
Let j(l) = 16*l. Let m = 47 - 38. What is the remainder when j(2) is divided by m?
5
Suppose -4*u - 4*j = -44, 5*j = 5*u + 8*j - 63. Calculate the remainder when 50 is divided by u.
5
Let c(p) = 24*p - 57. Let m = -18 + 29. Calculate the remainder when c(5) is divided by m.
8
Let l = -284 - -614. Suppose 4*b - 241 = -3*z, 4*z - 2*b - 28 = l. Let r(h) = 4*h**3 - 3*h**2 + 2. Calculate the remainder when z is divided by r(2).
21
Let u = 6 + -4. Let p(n) = n**3 - 2 + u*n**2 - 8*n**2 + 2*n**2 - 2*n - 6*n. Calculate the remainder when p(6) is divided by 6.
4
Suppose -h = 3*h - 20. Suppose 4*r = 5*r - h. Suppose 2*z = -4*c + 156, -r*c + 4*z + 180 = -c. Calculate the remainder when c is divided by 14.
13
Let k(f) = -52*f**3 - 10*f**2 - 13*f - 4. Calculate the remainder when 216 is divided by k(-1).
12
Suppose 33 = -b + 2*b. Let d = -257 + 275. Calculate the remainder when b is divided by d.
15
Let r(c) = c**3 + 11*c**2 + c + 28. Calculate the remainder when r(-11) is divided by 55/22*(-8)/(-5).
1
Let p = -39 - -19. Let d = p - -23. Suppose -4*c + 15 = -4*b - 17, 25 = 2*c - 5*b. What is the remainder when c is divided by d?
2
Let l(v) = 28*v**2 + 7*v + 5. What is the remainder when 205 is divided by l(-1)?
23
Suppose -4*g = -p + 2*p - 112, -g - 3*p + 39 = 0. Let q(s) = s + 17. Calculate the remainder when g is divided by q(-10).
6
Suppose -515 + 140 = -5*j. Let f = 0 - -13. What is the remainder when j is divided by f?
10
Suppose 0 = -4*r - 0*r - 3*q + 63, -2*r + q + 29 = 0. Suppose v - 4*h = 31, 4*h - 9*h - r = 0. Calculate the remainder when 56 is divided by v.
18
Suppose 0 = -2*s - 4*y - 10 - 2, y + 13 = 2*s. Suppose 29 = -k + 2*b, -2*b = -s*k - 81 - 11. Let c = k - -35. What is the remainder when 39 is divided by c?
11
Let m be (2 + (-6)/(-5))*10. Let l = m + -11. Suppose v - 79 = -2*s, 3*v - 82 - 73 = -4*s. What is the remainder when s is divided by l?
20
Let x(v) = -v - 5. Let s be x(-8). Calculate the remainder when 345/75 - s/5 is divided by 2.
0
Let p = -17 - -15. Suppose -2*d + 65 = 3*d. Calculate the remainder when (9/9)/(p/(-100)) is divided by d.
11
Let i = 59 + 190. Suppose 0 = 4*g + 3*h - i, 5*g + 4*h - 325 = 3*h. What is the remainder when g is divided by 14?
10
Let g(i) = 11*i + 4. Calculate the remainder when 83 is divided by g(0).
3
Let a(h) = -h**2 + 9*h - 14. Let y be a(7). Suppose y = 6*k - 35 - 307. What is the remainder when k is divided by 20?
17
Let t(r) be the third derivative of -r**5/60 - r**4/2 + r**3 + 2*r**2. Let d be t(-9). Calculate the remainder when 7 is divided by (2 - -1)/(d/22).
1
Suppose -1330*z + 1324*z = -1602. Calculate the remainder when z is divided by 13.
7
Let f(d) = -84*d - 4. Calculate the remainder when f(-2) is divided by 55.
54
Suppose b - 69 = -4*u, 4*b + 44*u = 48*u + 236. Calculate the remainder when 107 is divided by b.
46
Let h be -53 + 1 + (-4 - 0). Let v = -87 - h. Let x = v + 57. What is the remainder when 76 is divided by x?
24
Let r(l) = -l**3 - l**2 - 21*l + 20. Calculate the remainder when 50 is divided by r(0).
10
Let i(p) = 14*p**2 - 92*p - 4. What is the remainder when i(7) is divided by 15?
8
Suppose -4*s = -3*s + 21. Let f = 22 - s. Calculate the remainder when f is divided by 40/32*(2 + 10).
13
Let v = 446 - 444. What is the remainder when 197 is divided by v?
1
Let f(s) = 16*s - 3. Let y be f(-2). Let k be 14/y - 544/(-10). Suppose -m + k = 2*m. What is the remainder when 35 is divided by m?
17
Let m = 8 - 3. What is the remainder when 39 + (-1)/m*0 is divided by 14?
11
Let o = 41 + -47. Let g(y) = -9*y - 7. Calculate the remainder when 88 is divided by g(o).
41
Suppose 33*j = 40*j - 511. Calculate the remainder when j is divided by 25.
23
Calculate the remainder when (-136)/(-3 - (-35)/14) is divided by 25.
22
Let w(l) = l**2 + 3*l + 143. What is the remainder when w(0) is divided by 36?
35
Let n(m) = m**2 - m - 7. Let q be n(-3). Suppose -5*s + q + 48 = r, -161 = -5*r + s. Let p = 16 + -11. What is the remainder when r is divided by p?
3
Suppose -i - 49 = -3*j + 6, 4*i + 5*j + 237 = 0. Let r = -40 - i. Calculate the remainder when 31 is divided by r.
13
Let v(l) be the third derivative of l**6/90 - l**4/24 + 3*l**2. Let k(f) be the second derivative of v(f). Calculate the remainder when k(2) is divided by 9.
7
Suppose -24 = -s + 7*s. Let h(c) = 6*c**2 + 6*c + 7. What is the remainder when h(s) is divided by 20?
19
Let l = 118 + -86. Calculate the remainder when l is divided by 22.
10
Let c(o) = -3*o**2 - 30*o + 15. Let s(h) = h**2 + 10*h - 5. Let l(m) = -2*c(m) - 7*s(m). What is the remainder when l(-6) is divided by 16?
13
Suppose 5*w = z + 94, -5*w - 55 = -8*w + 2*z. What is the remainder when 111 is divided by w?
16
Let b(w) be the second derivative of 8*w**3/3 - w**2/2 - 11*w. Suppose 17 = 4*g - 2*g + 3*y, -4*g + 3*y = 11. Calculate the remainder when b(g) is divided by 4.
3
Let l(j) = j**3 - 8*j**2 - 8*j - 12. Let r be l(9). Suppose q = 3*q - 30. Calculate the remainder when 609/(-14)*2/r is divided by q.
14
Let u = -61 - -197. Calculate the remainder when u is divided by 40.
16
Suppose -4*o - 3*t = -2*o - 19, -4*t = -12. Suppose -c - 20 = -o*c. Suppose 5*k - 39 = 56. What is the remainder when k is divided by c?
4
Let i(k) = 5*k + 10. Let u be i(-10). Let j = -23 - u. Calculate the remainder when 2/(-8) - (-269)/4 is divided by j.
16
Suppose 48 = 66*m - 54*m. Suppose -5*q = -3*v - 19, 3*v = -2*q - 0*q + 16. Suppose 0 = v*o - 0*o - 34. Calculate the remainder when o is divided by m.
1
Suppose 4*t - 3*t + 3*i = 344, -t = -3*i - 374. What is the remainder when t is divided by 45?
44
Let y(i) = -i**2 + 4*i + 7. Suppose 2*o = 5 + 5. Let s be y(o). Suppose s*b = b + 18. What is the remainder when 70 is divided by b?
16
Let b(o) = 2*o**2 - 8*o + 15. Let s be b(6). Suppose s = 5*i - 21. What is the remainder when 56 is divided by i?
8
Suppose 3*o = -k + 2*k - 25, k - 5*o - 21 = 0. What is the remainder when 42 is divided by k?
11
Let h be 0 - (-2 - (0 - -1)). Suppose -4*t = z - 8, -6*z = -h*z - 12. Let l(d) = -2*d**2 + 29*d - 87. Calculate the remainder when l(10) is divided by t.
0
Let g be (-82)/(-6) + (-13)/(-39). Suppose -g*b = -8*b - 36. What is the remainder when 13 is divided by b?
1
Let o = -908 - -1364. Suppose 22*t - o = 10*t. Calculate the remainder when t is divided by 4.
2
Suppose -h + 15 = 2*w, 4*h + 9*w - 4*w - 45 = 0. What is the remainder when 30 is divided by h?
0
Suppose -5*d = -5*w - 305, 0 = -14*d + 13*d - 2*w + 73. Calculate the remainder when d is divided by 23.
19
Let h(q) = 4 - q - 12 + 0*q. Let t be h(-5). Calculate the remainder when 96 + t*2/(-2) is divided by 20.
19
Suppose -4*q + 16 = -16. Let n(h) = -5*h - 7. Let j(x) = -6*x - 1. Let t be j(1). Calculate the remainder when n(t) is divided by q.
4
Suppose 3*i - 247 = -100. Suppose 3*u = -4*f + 22, 4*u + f + f - 46 = 0. Suppose u = x + k, x + 2*k = 6 + 9. What is the remainder when i is divided by x?
10
Suppose 0 = -11*r + 13*r - 218. Let d = -53 - -75. Calculate the remainder when r is divided by d.
21
Let b(q) = 71*q - 46. Calculate the remainder when 148 is divided by b(1).
23
Suppose 3*k + 3*f + 11 - 191 = 0, 3*k - 175 = -4*f. Let o(r) = 13*r + 33 + 8 + r**2 - 19. Calculate the remainder when k is divided by o(-13).
21
Let o = -95 + 144. Let d(b) = 2*b**2 + 3*b + 2. Let s be d(-2). Suppose -2*r + o = 5*m - 4*r, 26 = 2*m - s*r. Calculate the remainder when m is divided by 5.
4
Let u = -612 + 633. What is the remainder when u is divided by 6?
3
Let l(p) = p**2 + 11*p + 12. Let k be l(-10). Suppose 30 = 5*t + 5*z, -k*z - 65 = -5*t - 7. What is the remainder when t is divided by 6?
4
Let b(z) = z + 1. Let v be b(-4). What is the remainder when (4 - 29)*(-3)/(105/49) is divided by 50/6 - 2/v?
8
Suppose -5*j + 2*y = 325, 0*y = y - 5. What is the remainder when ((-91)/j*-3)/((-2)/6) is divided by 7?
6
Suppose -3*x = 2*y - 56, 2*x + 9 = -y + 37. Calculate the remainder when y is divided by (18/(-30))/((-1)/10).
4
Let r = 2432 + -1729. What is the remainder when r is divided by 141?
139
Suppose -6*x + 5072 + 3